{"id":222,"date":"2023-12-04T11:34:19","date_gmt":"2023-12-04T10:34:19","guid":{"rendered":"https:\/\/www.klenke-raumgestaltung.de\/?page_id=222"},"modified":"2023-12-07T23:24:37","modified_gmt":"2023-12-07T22:24:37","slug":"unsere-firmengeschichte","status":"publish","type":"page","link":"https:\/\/www.klenke-raumgestaltung.de\/index.php\/unsere-firmengeschichte\/","title":{"rendered":"Unsere Firmengeschichte"},"content":{"rendered":"\n<p class=\"has-text-align-left\">Unser Raumausstatter Gesch\u00e4ft besteht in der 4. Generation im wundersch\u00f6nen Weserbergland. Gegr\u00fcndet wurde es damals von: Karl Klenke am 10.12.1920 Sattler- und Tapeziermeister wie der Beruf<br>damals hie\u00df.<br><br>Bei der Festsetzung der Firmengeschichte, wurde der Meisterbrief von Karl Klenke zugrunde gelegt.<br>Der am 10.12.1920 in Holzminden ausgestellt wurde.<br><br>Der Sohn Karl Klenke trat in die Fu\u00dfstapfen des Gr\u00fcnders, nannte sich aber nun laut Urkunde vom Mai 1949 nur Tapeziermeister, was mit der T\u00e4tigkeit des Tapezierens im Malerhandwerk nicht zu verwechseln sein sollte. Die Berufsbezeichnung umfasst als Bereiche:<br>Wandverkleidung und Wandbespannungen auch mit Stoffen und Textilien.<br><br>Karl Klenke erweiterte den Gesch\u00e4ftsbereich in der Nachkriegszeit um eine Lederwarenabteilung,<br>Bodenbel\u00e4ge, Polsterm\u00f6bel und M\u00f6bel \u00fcberhaupt. W\u00e4hrend die Sattlerei immer mehr zur\u00fcckging, erlebte die Polsterei einen Aufschwung und hat auch heute noch eine gro\u00dfe Bedeutung. Als weiteres \u201eStandbein\u201c wurde damals auch die gut florierende Hei\u00dfmangel eingerichtet, die auch heute noch in Betrieb ist.<br><br>Sohn Karl- Heinz Klenke legte im Juni 1971 seine Pr\u00fcfung zum Raumausstattermeister ab. Er \u00fcbernahm 1979 das Gesch\u00e4ft.In die breite Angebotspalette eines Raumausstatters geh\u00f6ren nun:<br><br>Heimtextilien, Sonnenschutz, Rollos, Fu\u00dfbodenbel\u00e4ge, Matratzen, Polsterm\u00f6bel, Wintergartenbeschattungen, Fensterdekorationen, Markisen, Rolll\u00e4den und die Polsterei.<br><br>1987 wurde in der Fu\u00dfg\u00e4ngerzone in Bodenwerder eine Filiale er\u00f6ffnet. Dieses Zweiggesch\u00e4ft erwies sich als Bereicherung und Erg\u00e4nzung des \u201eStammhauses\u201c inHalle. Dadurch entstand auch ein gr\u00f6\u00dferer Gesch\u00e4ftsbereich.<br><br>Im Sommer 2003<br>legte Sohn Christopher Klenke seine Meisterpr\u00fcfung in Oldenburg zum Raumausstattermeister ab und wird in n\u00e4chster Zukunft die Firmenleitung \u00fcbernehmen.<br><br>01.01.2013<br>Erfolgreiche \u00dcbernahme des Familienbetriebs durch Christopher Klenke<\/p>\n","protected":false},"excerpt":{"rendered":"<p>Unser Raumausstatter Gesch\u00e4ft besteht in der 4. Generation im wundersch\u00f6nen Weserbergland. Gegr\u00fcndet wurde es damals von: Karl Klenke am 10.12.1920 Sattler- und Tapeziermeister wie der Berufdamals hie\u00df. Bei der Festsetzung der Firmengeschichte, wurde der Meisterbrief von Karl Klenke zugrunde gelegt.Der am 10.12.1920 in Holzminden ausgestellt wurde. Der Sohn Karl Klenke trat in die Fu\u00dfstapfen des Gr\u00fcnders, nannte sich aber nun [&hellip;]<\/p>\n","protected":false},"author":3,"featured_media":0,"parent":0,"menu_order":0,"comment_status":"closed","ping_status":"closed","template":"","meta":{"footnotes":""},"class_list":["post-222","page","type-page","status-publish","hentry"],"_links":{"self":[{"href":"https:\/\/www.klenke-raumgestaltung.de\/index.php\/wp-json\/wp\/v2\/pages\/222","targetHints":{"allow":["GET"]}}],"collection":[{"href":"https:\/\/www.klenke-raumgestaltung.de\/index.php\/wp-json\/wp\/v2\/pages"}],"about":[{"href":"https:\/\/www.klenke-raumgestaltung.de\/index.php\/wp-json\/wp\/v2\/types\/page"}],"author":[{"embeddable":true,"href":"https:\/\/www.klenke-raumgestaltung.de\/index.php\/wp-json\/wp\/v2\/users\/3"}],"replies":[{"embeddable":true,"href":"https:\/\/www.klenke-raumgestaltung.de\/index.php\/wp-json\/wp\/v2\/comments?post=222"}],"version-history":[{"count":1,"href":"https:\/\/www.klenke-raumgestaltung.de\/index.php\/wp-json\/wp\/v2\/pages\/222\/revisions"}],"predecessor-version":[{"id":223,"href":"https:\/\/www.klenke-raumgestaltung.de\/index.php\/wp-json\/wp\/v2\/pages\/222\/revisions\/223"}],"wp:attachment":[{"href":"https:\/\/www.klenke-raumgestaltung.de\/index.php\/wp-json\/wp\/v2\/media?parent=222"}],"curies":[{"name":"wp","href":"https:\/\/api.w.org\/{rel}","templated":true}]}}

<p class="has-text-align-left">Unser Raumausstatter Geschäft besteht in der 4. Generation im wunderschönen Weserbergland. Gegründet wurde es damals von: Karl Klenke am 10.12.1920 Sattler- und Tapeziermeister wie der Beruf<br>damals hieß.<br><br>Bei der Festsetzung der Firmengeschichte, wurde der Meisterbrief von Karl Klenke zugrunde gelegt.<br>Der am 10.12.1920 in Holzminden ausgestellt wurde.<br><br>Der Sohn Karl Klenke trat in die Fußstapfen des Gründers, nannte sich aber nun laut Urkunde vom Mai 1949 nur Tapeziermeister, was mit der Tätigkeit des Tapezierens im Malerhandwerk nicht zu verwechseln sein sollte. Die Berufsbezeichnung umfasst als Bereiche:<br>Wandverkleidung und Wandbespannungen auch mit Stoffen und Textilien.<br><br>Karl Klenke erweiterte den Geschäftsbereich in der Nachkriegszeit um eine Lederwarenabteilung,<br>Bodenbeläge, Polstermöbel und Möbel überhaupt. Während die Sattlerei immer mehr zurückging, erlebte die Polsterei einen Aufschwung und hat auch heute noch eine große Bedeutung. Als weiteres „Standbein“ wurde damals auch die gut florierende Heißmangel eingerichtet, die auch heute noch in Betrieb ist.<br><br>Sohn Karl- Heinz Klenke legte im Juni 1971 seine Prüfung zum Raumausstattermeister ab. Er übernahm 1979 das Geschäft.In die breite Angebotspalette eines Raumausstatters gehören nun:<br><br>Heimtextilien, Sonnenschutz, Rollos, Fußbodenbeläge, Matratzen, Polstermöbel, Wintergartenbeschattungen, Fensterdekorationen, Markisen, Rollläden und die Polsterei.<br><br>1987 wurde in der Fußgängerzone in Bodenwerder eine Filiale eröffnet. Dieses Zweiggeschäft erwies sich als Bereicherung und Ergänzung des „Stammhauses“ inHalle. Dadurch entstand auch ein größerer Geschäftsbereich.<br><br>Im Sommer 2003<br>legte Sohn Christopher Klenke seine Meisterprüfung in Oldenburg zum Raumausstattermeister ab und wird in nächster Zukunft die Firmenleitung übernehmen.<br><br>01.01.2013<br>Erfolgreiche Übernahme des Familienbetriebs durch Christopher Klenke</p>

<p>Unser Raumausstatter Geschäft besteht in der 4. Generation im wunderschönen Weserbergland. Gegründet wurde es damals von: Karl Klenke am 10.12.1920 Sattler- und Tapeziermeister wie der Berufdamals hieß. Bei der Festsetzung der Firmengeschichte, wurde der Meisterbrief von Karl Klenke zugrunde gelegt.Der am 10.12.1920 in Holzminden ausgestellt wurde. Der Sohn Karl Klenke trat in die Fußstapfen des Gründers, nannte sich aber nun [&hellip;]</p>
